. Let i(x) = -x**2 - 2 + 3 - 2*x + 6 - 2*x**2. Let v(j) = -3*d(j) - i(j). Let s(w) = 2*u(w) - 5*v(w). Determine s(4).
0
Suppose -4*c + c + 2*f = 4, 5*f - 19 = 3*c. Let z(l) = 2*l + 2 + 6*l**c - 4*l**2 - 4*l**2. Give z(2).
-2
Suppose 0 = 4*o + 15 - 75. Suppose -2*l + 33 = -5*l + 3*f, -5*l - 5*f - o = 0. Let c(t) be the second derivative of -t**4/12 - t**3 + 5*t**2/2 - t. Give c(l).
-2
Let x = 0 - 2. Let a(t) = 5 + 9*t - 3 - 3. Let m(v) = -4*v. Let g(s) = 2*a(s) + 5*m(s). Determine g(x).
2
Let d(i) = i**2 - 2*i. Let l be ((-4)/(-10) - 36/(-10)) + -1. Let j(h) = 2*h**2 - h. Let r(z) = l*d(z) - 2*j(z). Determine r(-4).
0
Let v(r) = -4*r - 1. Let f(m) = m. Let n(w) = -5*f(w) - v(w). Suppose 0 = -38*b + 30*b - 32. Determine n(b).
5
Let l(j) = j**2 + 6*j. Let w be ((-17)/51)/((-2)/(-6)). Let d be w - 7/3*-3. Suppose -d*n + 4*o = -n + 7, 3*o = -n - 9. What is l(n)?
-9
Let b(h) be the second derivative of h**3 + 2*h**2 + 0 + 21*h - 1/12*h**4. Give b(7).
-3
Suppose 0 = -5*w - 3*l, 5*w = -4*l + 3*l. Suppose w = -h - 2 + 8. Let f(k) = k**3 - 11*k + 18*k - 2*k - 7*k**2 + 5. Determine f(h).
-1
Let m(z) = -z**3 - 13*z**2 - 7. Let q = 112 - 125. Give m(q).
-7
Let u(x) = -x**3 - 8*x**2 - 2*x - 12. Let s(w) = w**3 + 3*w**2 + 3*w + 1. Let y be s(-3). Give u(y).
4
Let k(h) = -h**3 + 4*h**2 + 4*h - 3. Suppose -17*a = -21*a. Suppose -2*s = a, 5*j - 6*s - 20 = -3*s. What is k(j)?
13
Let q(h) = -h**3 + 5*h**2 + 7*h + 2. Suppose -2*j - 3*j + 205 = 0. Let l = -826 - -826. Suppose l = 5*x - j + 11. What is q(x)?
8
Let a(k) = 6*k**2 + k - 1. Suppose -73*z + 74*z = -1. Determine a(z).
4
Let q(s) = 3*s**3 - 5 + 3 + s + 6 - 2*s**3. Suppose 197*b = 217*b. Calculate q(b).
4
Let o(c) be the third derivative of -c**4/24 + c**3/3 + 95*c**2. Give o(-2).
4
Suppose -4*y = 3*j + 22, y = 3*j - 3 + 35. Let h(u) = u**2 + 10*u + 3. Determine h(j).
3
Let r(i) be the second derivative of i**5/20 - i**4/2 + i**3/3 - 7*i**2/2 - 101*i. Let y = -4 - -9. What is r(y)?
-22
Let j(g) = 11*g**2 + 33*g + 25. Let x(d) = 13*d**2 + 35*d + 26. Let u(k) = -6*j(k) + 5*x(k). Calculate u(-22).
2
Let r = -31 + 34. Let o(a) = 3*a - 4*a**2 + 4*a**r + 4 - 3*a**3 - 4. Calculate o(4).
12
Let y = -58 - -97. Let f = y - 46. Let o(s) = -s**3 - 8*s**2 - 9*s - 5. Give o(f).
9
Let f(q) = -q**3 - q**2 + 2*q. Let n(t) = 4*t**3 + 2*t**2 - 10*t + 4. Let g(y) = 3*f(y) + n(y). What is g(2)?
0
Suppose -1 = -2*p - 2*r - r, -5*p + 10 = 5*r. Let h(s) = -3*s - 16. Let z(i) = -i - 4. Let u(c) = -2*h(c) + 9*z(c). Calculate u(p).
-19
Let o(l) be the first derivative of -l**2/2 - l + 39. Let a = 13 + -8. Give o(a).
-6
Let j(q) = -23*q**3 - 5*q**2 - 3*q + 3. Let a(d) = -20*d**3 - 5*d**2 - 2*d + 3. Let i(w) = -7*a(w) + 6*j(w). Determine i(-3).
0
Let k(y) = -y**2 + 10*y - 13. Let g be k(6). Let i(w) = -2*w**2 + 24*w - 24. Let d be i(g). Let u(p) = p**3 - 4*p - 3. Give u(d).
-3
Let z(k) = -5*k - 20. Let b = 1237 - 1246. Give z(b).
25
Suppose 7*z - 2*z - 15 = -n, n - z = -3. Let l = n + 1. Let g(w) = 2*w**2 - 11*w**3 - 12*w - 6*w - 9*w + 39*w - 13*w. Give g(l).
-10
Let w be 2*(0 - 1) - -37. Suppose -39 = -n + 4*c, -2*n + 7 + 71 = -c. Let v = w - n. Let y(h) = h**2 + h + 5. Determine y(v).
17
Let j(x) = 4*x + 1. Let g be ((-1)/3)/(6/(-162)). Suppose 0*k - k = -2. Suppose g = -b - k*b. Calculate j(b).
-11
Let g(u) = 2*u**2 + u + 3. Let h(z) = 16*z**2 + 42*z + 36. Let r(a) = 10*g(a) - h(a). Calculate r(8).
-6
Let a(x) = x - 8. Let g(v) = v**2 + 3*v - 14. Let i be g(-5). Give a(i).
-12
Let s(h) be the third derivative of h**4/12 + 7*h**3/2 + 236*h**2 - 1. Calculate s(-9).
3
Let w(z) be the third derivative of -1/6*z**3 + 0 + 36*z**2 + 1/24*z**4 + 0*z. Calculate w(-2).
-3
Let k be -30*8/(-72)*(-3)/(-6). Let p(d) be the first derivative of -1 - k*d**3 - 5*d + 1/4*d**4 - 2*d**2. Give p(6).
7
Suppose 3*k + 8 = 8. Suppose 14 + k = 3*z - 4*a, -2*z + 13 = a. Let d(c) = -c**2 + 5*c + 4. What is d(z)?
-2
Let j(l) = 6*l + 9. Let k be -4*(-2)/(-14) + 765/(-119). Calculate j(k).
-33
Let j(w) = -1. Let i(x) = -x**2 + 7. Let z(n) = i(n) + 3*j(n). Determine z(3).
-5
Let k be (-14)/(-8) + 3/12. Suppose -4 = f - 6. Let c(b) = -5 - 4*b + k + 4*b - f*b. What is c(-3)?
3
Let h(m) = m + 5*m - 3*m**2 + 4*m**2. Let y = 664 + -669. Give h(y).
-5
Let n(y) = -6*y**2 - 82*y - 9. Let j(c) = -c**2 - 18*c - 1. Let v(q) = -5*j(q) + n(q). Let f(h) = 3*h - 3. Let g be f(3). Let u = g - 3. Calculate v(u).
11
Let t(c) = -3*c**3 - 8*c**2 - 5*c + 2. Let x(b) = -2*b**3 - 4*b**2 - 2*b + 1. Let o(i) = -3*t(i) + 5*x(i). Suppose 0 = 13*y - 4*y - 45. Calculate o(y).
-1
Let j(i) = -2*i**2 - 10*i + 1. Let b be 16/16 + 16/(-2). What is j(b)?
-27
Let n(s) = -2*s**2 - 4 + s + 3 - s**3 + 0. Let c(x) = -x**3 + 2*x**2 + 5*x - 7. Let q be c(3). Let r be q/(-4*3/(-36)). Calculate n(r).
5
Let m(w) = -2*w - 13 - 10 + 46 - 9. What is m(10)?
-6
Let s(a) = -5*a**2 - 4*a - 3. Let w(v) = -11*v + 31. Let f be w(3). Determine s(f).
-15
Let h(i) be the first derivative of 3/2*i**2 + 7 + i. Give h(-6).
-17
Let m(q) = 6*q - 6 - 4*q + 9 - 4 - 8*q**2. Determine m(1).
-7
Let x(c) be the second derivative of -1/20*c**5 + 5/12*c**4 + 0 - 1/6*c**3 + 30*c + 0*c**2. Give x(4).
12
Let k(o) be the first derivative of -o**4/12 - o**3 + o**2 + 22*o + 17. Let f(g) be the first derivative of k(g). What is f(-4)?
10
Let m(t) be the first derivative of -t**4/4 + 3*t**3 - 9*t**2/2 + 9*t + 4. Let f be m(8). Let u(n) = -3*n**2 - 2*n**2 + 1 + 0 - 3*n + n. Give u(f).
-6
Let p(y) = -y**3 + 6*y**2 - 5*y - 1. Suppose 6*w + 4 = 2*h + 5*w, 4*w = -5*h + 36. What is p(h)?
11
Let r(i) = 3*i**2 - i + 2. Let h(l) = -4*l**2 + l - 1. Let t(k) = 2*h(k) + 3*r(k). Let z be t(2). Let y(o) = -o - 2. Calculate y(z).
-8
Suppose 20 = 9*n + 2. Let y(g) = -g - 2*g**2 + 15*g**2 - 4*g**n + 3*g**2. Calculate y(-1).
13
Let y(l) = 4*l - 2. Let f(v) = v + 14. Let w be f(-10). Suppose z + 0*p + 17 = -w*p, -17 = 4*z - p. Let m be 6 - z/(5/(-3)). What is y(m)?
10
Let r(c) = -c**3 - 7*c**2 + 13*c - 50. Let h be r(-9). Let v(i) = -8*i + 5. What is v(h)?
45
Suppose 0 = -2*h + 3*h - 12. Suppose h = -4*d, -4*j - d - 9 = 10. Let q(c) = -c**3 - 4*c**2 + 1. Calculate q(j).
1
Let s(c) be the first derivative of -c**4/4 - c**3 + 3*c**2/2 - c - 70. What is s(2)?
-15
Let b(q) be the third derivative of -q**6/120 + q**5/60 - q**4/8 + q**3/6 - 87*q**2. Determine b(3).
-26
Let z(w) = w**3 + 4*w**2 - 5*w + 7. Let p(s) = -38*s + 13. Let l be p(1). Let n = 12 - -8. Let y = n + l. What is z(y)?
7
Suppose 0 = 16*i - 23*i + 21. Let k(b) be the second derivative of 2*b**2 + 1/3*b**4 + 0 + 1/20*b**5 + b - b**i. Calculate k(-5).
9
Suppose 2 + 4 = 2*f - 3*a, 4*f + 3*a - 30 = 0. Let q(l) = -5*l + 2. Give q(f).
-28
Let n(a) = -20*a + 38*a - 17 - 17*a + 13. What is n(4)?
0
Let b(c) = -4*c**2 - 3*c - 44. Let w(r) = 5*r**2 + 4*r + 47. Let g(a) = 6*b(a) + 5*w(a). Give g(4).
-5
Let t = 4 + 0. Suppose 0 = -l - 2*q - 4, -q = -t*l - 3*q - 10. Let z(k) be the first derivative of -k**4/4 - k**3/3 + 2*k + 24. Calculate z(l).
6
Let p(h) = -h**3 - 3*h**2 + 2*h - 3. Suppose 5*s + 3*z = -20, 2*s + 8 = 4*z - 2*z. Calculate p(s).
5
Let d(w) be the first derivative of w**2/2 + 4*w - 1. Suppose 13*a + 10 = 8*a. Let c be -8*(-2)/a + (-2 - -4). What is d(c)?
-2
Let q(u) = -2*u**2 - 2*u - 3. Let a(j) be the third derivative of -j**5/60 + j**4/24 + j**3/6 - 8*j**2. Let v(f) = 3*a(f) + q(f). Determine v(-1).
-6
Let s(v) = v**3 - 5*v**2 - 7*v + 2. Let l be 5*(1 - -1) + -2. Suppose -l*q = -3*q - 30. Determine s(q).
-4
Suppose 3*k + 4 = 5*k. Suppose -k*p = p + 15. Let r(n) = -n**2 - 4*n - 1. Let j(t) = t + 1. Let x(m) = p*j(m) - r(m). Give x(4).
8
Let t(d) = -d**2 - 10*d - 15. Let g be t(-7). Let s(i) be the third derivative of -1/12*i**5 + i**3 + 0*i + 0 - 7/24*i**4 + 4*i**2 + 1/120*i**6. Determine s(g).
0
Let i(h) = 22*h - 29. Let l(s) = 9*s - 14. Let t(r) = 2*i(r) - 5*l(r). Give t(6).
6
Let o(w) = 652 - 2*w + w - 640. Let k = 2 - -4. Determine o(k).
6
Let a(l) = l**2 + 2*l - 10. Let q(j) = -2*j - 75. Let x be q(-34). Give a(x).
25
Let k(s) = 4*s**3 + 3*s - 3. Let h(d) = -3*d**3 + d**2 - 2*d + 2. Let t(b) = -3*h(b) - 2*k(b). Calculate t(2).
-4
Let u(b) be the third derivative of b**4/8 + 110*b**2. Suppose 4*i - 11 + 3 = 0. Calculate u(i).
6
Let f(t) = -t**2 + 7*t + 3. Let z(k) = k - 1. Let g(s) = f(s) 